61813?
1
What is the millions digit of 15778292?
5
What is the hundred thousands digit of 4230173939?
1
What is the tens digit of 54506480?
8
What is the hundred thousands digit of 3591850?
5
What is the ten thousands digit of 60182226?
8
What is the hundreds digit of 544545465?
4
What is the billions digit of 1760332698?
1
What is the thousands digit of 392778282?
8
What is the tens digit of 57761276?
7
What is the hundreds digit of 137258992?
9
What is the thousands digit of 4716552?
6
What is the thousands digit of 2012272?
2
What is the ten millions digit of 272641157?
7
What is the units digit of 50187400?
0
What is the ten millions digit of 40970055?
4
What is the units digit of 54445486?
6
What is the units digit of 24727528?
8
What is the units digit of 42446056?
6
What is the millions digit of 4561777758?
1
What is the ten thousands digit of 18755619?
5
What is the thousands digit of 160070348?
0
What is the millions digit of 108774335?
8
What is the hundred millions digit of 575091211?
5
What is the thousands digit of 35471518?
1
What is the tens digit of 188607961?
6
What is the tens digit of 233069904?
0
What is the hundred thousands digit of 120852477?
8
What is the millions digit of 937142870?
7
What is the millions digit of 315434443?
5
What is the ten millions digit of 48441121?
4
What is the ten millions digit of 637005006?
3
What is the ten thousands digit of 1210728465?
2
What is the hundred millions digit of 4686828575?
6
What is the billions digit of 1965885816?
1
What is the units digit of 108506960?
0
What is the tens digit of 251035566?
6
What is the hundreds digit of 5080779199?
1
What is the units digit of 61336976?
6
What is the tens digit of 174548456?
5
What is the hundred thousands digit of 97531085?
5
What is the units digit of 19299106?
6
What is the tens digit of 39818479?
7
What is the ten thousands digit of 510344528?
4
What is the hundred thousands digit of 442699451?
6
What is the thousands digit of 362702343?
2
What is the ten thousands digit of 308651095?
5
What is the hundred thousands digit of 4251901468?
9
What is the hundred thousands digit of 94585778?
5
What is the hundreds digit of 51966708?
7
What is the ten thousands digit of 1365936978?
3
What is the millions digit of 141134402?
1
What is the ten thousands digit of 488864853?
6
What is the thousands digit of 389283402?
3
What is the thousands digit of 29037435?
7
What is the millions digit of 3580813024?
0
What is the millions digit of 61365702?
1
What is the millions digit of 288175202?
8
What is the hundreds digit of 3885351608?
6
What is the ten thousands digit of 293233429?
3
What is the millions digit of 65326722?
5
What is the hundred millions digit of 261445779?
2
What is the units digit of 117770775?
5
What is the thousands digit of 53398319?
8
What is the ten thousands digit of 441959870?
5
What is the hundred millions digit of 124589856?
1
What is the thousands digit of 928918168?
8
What is the ten millions digit of 43663925?
4
What is the ten millions digit of 60939999?
6
What is the hundred millions digit of 4592570349?
5
What is the ten millions digit of 142599252?
4
What is the billions digit of 1148855854?
1
What is the ten thousands digit of 58064384?
6
What is the ten millions digit of 340236951?
4
What is the hundred thousands digit of 373468773?
4
What is the tens digit of 1876738796?
9
What is the hundred thousands digit of 87415549?
4
What is the hundred millions digit of 182462980?
1
What is the hundred thousands digit of 34590504?
5
What is the millions digit of 2404814123?
4
What is the hundreds digit of 19679678?
6
What is the hundreds digit of 51035124?
1
What is the hundreds digit of 437009752?
7
What is the ten millions digit of 569750673?
6
What is the hundreds digit of 195006422?
4
What is the tens digit of 3416574648?
4
What is the thousands digit of 4156882218?
2
What is the tens digit of 1054618154?
5
What is the hundreds digit of 3857926?
9
What is the tens digit of 128326180?
8
What is the ten millions digit of 1170400948?
7
What is the ten thousands digit of 508654424?
5
What is the ten millions digit of 63442230?
6
What is the hundred thousands digit of 30856145?
8
What is the ten thousands digit of 1577281298?
8
What is the units digit of 677642747?
7
What is the hundred millions digit of 1090983060?
0
What is the thousands digit of 1619682455?
2
What is the hundred thousands digit of 230578520?
5
What is the hundreds digit of 45069969?
9
What is the billions digit of 1706902452?
1
What is the hundreds digit of 41582528?
5
What is the ten thousands digit of 2303405023?
0
What is the ten thousands digit of 484279068?
7
What is the hundred millions digit of 109426420?
1
What is the units digit of 413067418?
8
What is the thousands digit of 65384801?
4
What is the ten millions digit of 95677432?
9
What is the ten thousands digit of 1356623642?
2
What is the tens digit of 159445339?
3
What is the hundreds digit of 1209299824?
8
What is the units digit of 170335236?
6
What is the units digit of 342334391?
1
What is the units digit of 53729374?
4
What is the millions digit of 1138066441?
8
What is the billions digit of 1454836714?
1
What is the thousands digit of 3271893182?
3
What is the tens digit of 121213703?
0
What is the units digit of 2446727758?
8
What is the ten millions digit of 756297336?
5
What is the hundred thousands digit of 267016390?
0
What is the tens digit of 39491745?
4
What is the ten thousands digit of 104232649?
3
What is the hundred millions digit of 5855571720?
8
What is the millions digit of 188294027?
8
What is the tens digit of 327968659?
5
What is the hundred thousands digit of 8821310?
8
What is the millions digit of 69411667?
9
What is the hundred thousands digit of 82109215?
1
What is the ten millions digit of 10220318?
1
What is the hundred millions digit of 993410090?
9
What is the hundred thousands digit of 325229887?
2
What is the hundred millions digit of 226904320?
2
What is the hundred thousands digit of 194368407?
3
What is the hundred thousands digit of 13400619?
4
What is the millions digit of 45354648?
5
What is the millions digit of 1034260603?
4
What is the thousands digit of 120687320?
7
What is the thousands digit of 1238786022?
6
What is the ten thousands digit of 141180830?
8
What is the hundred thousands digit of 486383229?
3
What is the ten millions digit of 6258695866?
5
What is the ten thousands digit of 8935044?
3
What is the hundred millions digit of 422104278?
4
What is the hundreds digit of 36573668?
6
What is the hundreds digit of 2762637610?
6
What is the units digit of 29777881?
1
What is the hundred millions digit of 140684280?
1
What is the thousands digit of 3157135353?
5
What is the hundred thousands digit of 710662863?
6
What is the tens digit of 399903934?
3
What is the tens digit of 8914968?
6
What is the ten millions digit of 25266119?
2
What is the ten millions digit of 45727516?
4
What is the hundreds digit of 156439747?
7
What is the thousands digit of 4545460245?
0
What is the ten millions digit of 126403947?
2
What is the billions digit of 3901010598?
3
What is the hundred millions digit of 129683096?
1
What is the hundred thousands digit of 103196856?
1
What is the hundreds digit of 222547328?
3
What is the hundreds digit of 9180207?
2
What is the tens digit of 113236216?
1
What is the ten thousands digit of 341310923?
1
What is the hundred thousands digit of 975702223?
7
What is the hundred thousands digit of 267234920?
2
What is the tens digit of 14759932?
3
What is the ten millions digit of 301735832?
0
What is the ten millions digit of 37023096?
3
What is the ten thousands digit of 183970666?
7
What is the tens digit of 976386773?
7
What is the thousands digit of 1232060401?
0
What is the thousands digit of 2279299135?
9
What is the ten millions digit of 163141614?
6
What is the hundred thousands digit of 311171879?
1
What is the units digit of 3083461817?
7
What is the ten thousands digit of 2960626252?
2
What is the tens digit of 909945491?
9
What is the thousands digit of 617766833?
6
What is the ten thousands digit of 5140838952?
3
What is the hundreds digit of 279868446?
4
What is the ten thousands digit of 40919328?
1
What is 